- 3*n + 2. Let p be t(3). Let q = 18 - p. Let v = 31 - q. List the prime factors of v.
3, 5
Let n(b) = -6*b - 4. Let c = -12 + 17. Suppose h + h = 2*o - 8, -o = -c*h - 20. What are the prime factors of n(h)?
2, 5
What are the prime factors of (21 - 8) + 10/10?
2, 7
Let o(t) = -370*t**3 - 2*t**2 - 4*t - 3. List the prime factors of o(-1).
3, 41
Let i = -10441 - -15923. What are the prime factors of i?
2, 2741
Let q(l) = l**3 + 8*l**2 + 7*l - 24*l**2 + 3*l**2. Let m be q(13). Suppose -m = 3*a - 8*a - b, 4*b = 5*a - 111. What are the prime factors of a?
19
Let u(c) = c**2 - 2*c + 4. Suppose -26 = -5*i + 3*r, 2*i + 2 = 4*i + 3*r. List the prime factors of u(i).
2, 3
Suppose 28*p = 5*p + 114471. List the prime factors of p.
3, 7, 79
Suppose 0 = 3*s - 2*s + 390. What are the prime factors of ((-5)/10)/(3/s)?
5, 13
Suppose 0 = -16*d - 1832 + 6616. List the prime factors of d.
13, 23
List the prime factors of (-7)/(-2)*(-13006)/(-49).
929
Suppose 30 = -w + 4*w. Suppose 7*u = w*u. Suppose 144 = -u*z + 4*z. What are the prime factors of z?
2, 3
Let t(l) = -l**2 - 8*l - 3. Let r(s) = -1. Let d(v) = -v**2 - 4*v - 1. Let w be d(-3). Let x(c) = w*r(c) + t(c). List the prime factors of x(-6).
7
Suppose -j + 6 = n, 3*n - 4 = 5*j - j. Let y(t) = -13*t + 17*t + 15*t. What are the prime factors of y(j)?
2, 19
Let h(m) = -m - 10. Let j be h(-7). Let a(d) = d**2 - 3*d - 4. Let g be a(7). Let y = g + j. What are the prime factors of y?
3, 7
Suppose -3151 = -p + 3*m, 4*p - 14204 = 3*m - 1627. What are the prime factors of p?
2, 1571
What are the prime factors of (-183)/(-488) + (-2 - 6554/(-16))?
2, 3, 17
Suppose -3*c = -c + 4*k - 80, 0 = 2*c - 4*k - 64. Suppose 2*j + 4 + 13 = 5*u, 4*j - c = -4*u. What are the prime factors of j?
2
Suppose j + 4608 = r, r - 9212 = -r + 3*j. What are the prime factors of r?
2, 1153
Suppose 0*i - 8 = -4*i. Suppose i*d = -4*d + 558. List the prime factors of d.
3, 31
Suppose -6627 = -25*x + 28398. What are the prime factors of x?
3, 467
Suppose -3*p - 3*g + 3 = 0, 3*p - 3*g = 2*g + 19. Let z be 1*(1 + 56) - 1. Suppose -j = p*j - z. List the prime factors of j.
2, 7
What are the prime factors of 1308 + (-3 - (-13)/(65/(-10)))?
1303
Suppose -4*b + 6 = 398. Let q = -48 - b. What are the prime factors of q?
2, 5
Suppose 3*i - 472 = -2*l, 5*l + i + 3*i - 1166 = 0. List the prime factors of l.
2, 5, 23
Let z = 2352 - 905. List the prime factors of z.
1447
Let g(m) = m - 12. Let u be g(-9). Let t = u + 26. Suppose t*h - 3*o - 4 = 15, -3*h + 2*o = -12. List the prime factors of h.
2
Let d be 10/15 + 2/6. Let a be d/2*12/3. What are the prime factors of a/(4 + (-1 - 2))?
2
Suppose -4*k - 5*z - 32 = 0, 3*k = 4*k + 4*z + 8. Let u(g) = -g**2 - 13*g - 17. List the prime factors of u(k).
23
Suppose -5*z - 400 - 1212 = -2*s, -5*s - 5*z = -3960. What are the prime factors of s?
2, 199
Suppose 24*c = 11716 + 4916. What are the prime factors of c?
3, 7, 11
Let i = 1125 + -415. List the prime factors of i.
2, 5, 71
Suppose 3*n - 4340 = n + 4*h, 10835 = 5*n - 5*h. What are the prime factors of n?
2, 541
Let v(f) = 9*f + 14. Let b be v(9). Let x = b - -25. List the prime factors of x.
2, 3, 5
Suppose 3*z - 5145 = -2*z - 5*k, 3*z = -4*k + 3091. What are the prime factors of z?
5, 41
Suppose 12*q - 1770 = -30. What are the prime factors of q?
5, 29
Suppose -20 = 4*c, -z - 2 = -2*z + c. Let o be 3/(z/12*-6). Suppose o*u - 49 + 17 = 0. List the prime factors of u.
2
Let l = -590 + 944. What are the prime factors of l?
2, 3, 59
Let r = -2831 - -3920. What are the prime factors of r?
3, 11
List the prime factors of -515*9/27*-3.
5, 103
Let o(p) = -185*p - 13. List the prime factors of o(-2).
3, 7, 17
Suppose -18*a + 11849 = 2489. What are the prime factors of a?
2, 5, 13
Suppose -12*i + 2*p = -8*i - 1930, -1939 = -4*i + 5*p. What are the prime factors of i?
13, 37
Let d = -501 - -872. What are the prime factors of d?
7, 53
Suppose 165*l = 163*l + 44. Suppose -3*p + 5*v + 57 = v, 4*v + 12 = 0. Let o = p + l. List the prime factors of o.
37
Let q = -1 + -5. Let o(k) be the second derivative of -k**3 + 5*k**2 - 6*k + 6. List the prime factors of o(q).
2, 23
Let d(u) be the second derivative of 0 + 9*u + u**2 - 7/6*u**3. What are the prime factors of d(-6)?
2, 11
Suppose -8 = 2*x, -4*p = -5*x - 13 - 15. Suppose -p*q + 240 = -3*k, q + 0*q + k - 120 = 0. Suppose -3*h + q + 27 = 0. What are the prime factors of h?
7
Suppose 2*c + 20 = 7*c. Let q be (-6)/c - (-4)/8. What are the prime factors of (q - -51)*(-3)/(-6)?
5
Let d(n) = -n**3 + 5*n**2 + 9*n - 11. Let x be d(6). Let z(k) = k**3 - k**2 - k + 17. Let y be z(0). Let l = y - x. What are the prime factors of l?
2, 5
Suppose 2*w + 0*w - 470 = 0. What are the prime factors of w?
5, 47
Let s = 11 - 10. Let c(w) = 24*w**3 - w. What are the prime factors of c(s)?
23
Suppose 2*z - 3*j = 63, 4*z + 5*j - 8*j - 111 = 0. List the prime factors of z.
2, 3
Suppose 950 = -2*c + 6*c - 2*q, -1195 = -5*c + q. Suppose c = -12*b + 16*b. List the prime factors of b.
2, 3, 5
List the prime factors of 642/6 - (2 - 0).
3, 5, 7
Let n = 16 + -16. Suppose 2*d + n*d = 0. Suppose -4*z + 5*z - 4 = d. List the prime factors of z.
2
Let y be 40*4/((-64)/(-12)). Suppose 0 = -3*r - 5*p - 45, 2*r + 0*p + y = -p. Let x(c) = -3*c - 20. What are the prime factors of x(r)?
5
Let u(y) = -y**2 - 10*y - 2. Suppose 0 = -3*p + 67 - 4. Suppose 4*z + 11 = 5*k, 4 - p = 5*z - 3*k. List the prime factors of u(z).
2, 11
Let z(g) = g**3 + g**2 - g - 18. Let u be z(0). Let s(a) = -a**3 - 15*a**2 + 38*a - 17. List the prime factors of s(u).
271
Let r = 0 + 0. Let z(d) be the first derivative of d**2/2 + 28*d - 134. What are the prime factors of z(r)?
2, 7
Let t be 3 + 5 + -12 + 19. Suppose 0*m - 5*m = t, -2*v - m = -595. What are the prime factors of v?
13, 23
List the prime factors of 721375/500 - 3/4.
2, 7, 103
Suppose -c + 3*r + 234 = 0, -16*c - 5*r + 1110 = -11*c. What are the prime factors of c?
3, 5
Suppose 4*v - v = 15. Let l(j) = -8 + 2*j + v + 1. List the prime factors of l(15).
2, 7
Let v(t) = -4*t + 8. Let i be v(4). Let r be (i/(-7))/(20/70). What are the prime factors of 2/r + 110/4?
2, 7
Suppose -5*d - 2*a - 5 = -a, 0 = -2*d + 4*a + 20. Suppose 3*y - 88 = w - 3*w, 2*y + 3*w - 62 = d. Suppose 4*m + y = 5*m. What are the prime factors of m?
2, 7
List the prime factors of (1972/6)/((-12)/(-18)).
17, 29
Suppose -44*b + 42*b + 6 = 0. Suppose -3*d + d - q + 237 = 0, -2*d + b*q = -257. What are the prime factors of d?
11
Let y = 63 - -42. Let v = -52 - -58. Suppose -v*p + y = -p. List the prime factors of p.
3, 7
Suppose -2*d = -4*d + 8, 3*l - 3*d - 1137 = 0. List the prime factors of l.
383
Let l(i) = -i**3 + 9*i**2 - 3*i - 13. Let h = 3 - 10. Let w = h - -15. What are the prime factors of l(w)?
3
Let h(t) = -10*t**2 + 2*t - 7. Let m be h(3). Let c = 192 - m. What are the prime factors of c?
283
Suppose -x + 1 = -1. Let l(a) = 0*a**2 + a - 4 + 0 + 5*a**x. List the prime factors of l(-3).
2, 19
Let j = -112 + 1402. What are the prime factors of j?
2, 3, 5, 43
Suppose -x - u = -320, 3*u = 2*x + 2*x - 1245. What are the prime factors of x?
3, 5, 7
Let t = 1892 + -1066. What are the prime factors of t?
2, 7, 59
Suppose -f + 2*o = -81, 0 = 4*f - o - 0*o - 324. Suppose 5*u - 836 + f = 0. List the prime factors of u.
151
Suppose -6*z + 62 = -52. Let n = z - 16. Suppose 119 = n*v - 10. List the prime factors of v.
43
Let y(b) = b**3 - 6*b**2 - 18*b + 19. Let p be y(8). Suppose 3*m - p*k = -2*m + 222, 2*k = 2*m - 92. What are the prime factors of m?
2, 3, 7
Suppose 0 = 4*j - 3*b - 233, 4*b - 27 = 3*j - 200. What are the prime factors of j?
59
Let m = -10 - -14. Suppose -3*w + 3 = 0, 5*t - m*w - w = 645. Suppose j = 2, -3*x = -j + 3*j - t. List the prime factors of x.
2, 3, 7
Let z = -12 + 20. Let j be 37/2*(10 - z). Suppose k - j - 32 = 0. List the prime factors of k.
3, 23
Let q be 24/(-16)*2/4*4. List the prime factors of (((-528)/10)/q)/((-4)/(-20)).
2, 11
Let u be 3/2*22474/51. Suppose -3*g = 2*x - u, g - 2*x + 223 = 2*g. What are the prime factors of g?
3, 73
Suppose 0 = x + 2*x. Suppose -2*k + 8 = x, -3*t + k = 3*k - 20. Suppose 3*p + t*g - 10 = 41, -p - 2*g = -15. What are the prime factors of p?
3, 7
Let v = -457 + 899. What are the prime factors of v?
2,